2120121
In base 2, what is -1101000010011 - -100?
-1101000001111
In base 16, what is -5 - -1833?
182e
In base 14, what is -5 + -56?
-5b
In base 15, what is 2 + 191?
193
In base 3, what is 10 + -2112221?
-2112211
In base 11, what is -5 - 889?
-893
In base 8, what is 134 + 2?
136
In base 16, what is -f81 + 1?
-f80
In base 8, what is -1 - -122?
121
In base 4, what is 0 + -12210?
-12210
In base 11, what is -173 + -10?
-183
In base 15, what is b - 362?
-356
In base 14, what is 21 + -2?
1d
In base 6, what is -1 - -30?
25
In base 4, what is 100232 + 2?
100300
In base 6, what is 1010 - 1?
1005
In base 4, what is -33 + -2200?
-2233
In base 11, what is -115 - 116?
-230
In base 4, what is -10 - -3302?
3232
In base 16, what is -1 + d?
c
In base 14, what is 2c8 - -3?
2cb
In base 10, what is -1188 - -4?
-1184
In base 7, what is -1423 - 4?
-1430
In base 12, what is -108 + -5?
-111
In base 5, what is 3 + 200300?
200303
In base 3, what is 20 + -10?
10
In base 5, what is 2 - -12443?
13000
In base 3, what is -1 + 1212?
1211
In base 12, what is 4a - 31?
19
In base 13, what is 3 - 38?
-35
In base 12, what is -70 + -6?
-76
In base 7, what is 1252 - 24?
1225
In base 6, what is 2 - 1013?
-1011
In base 5, what is -14 - 202?
-221
In base 6, what is -13555 - 0?
-13555
In base 3, what is 12 + 112?
201
In base 4, what is 1 - 12?
-11
In base 14, what is -d - 5?
-14
In base 9, what is 117 + -5?
112
In base 12, what is 9 + 259?
266
In base 5, what is 433 - -3?
441
In base 12, what is 4 - -11a?
122
In base 7, what is 2 + -405?
-403
In base 4, what is 10111 + 0?
10111
In base 4, what is 203 + 10?
213
In base 11, what is 10 - 2?
9
In base 9, what is 64 - 6?
57
In base 11, what is 33 + 371?
3a4
In base 13, what is 58 - 5?
53
In base 3, what is -12110 - -1?
-12102
In base 15, what is 3357 + 0?
3357
In base 8, what is 0 + 275?
275
In base 7, what is -4 - 4132?
-4136
In base 12, what is 101 - 4?
b9
In base 14, what is 165 - -9?
170
In base 10, what is 2 - -71?
73
In base 7, what is 1536 - 13?
1523
In base 9, what is -1027 + 0?
-1027
In base 10, what is -31 + 7?
-24
In base 6, what is -1 - 224?
-225
In base 7, what is -6010 - -3?
-6004
In base 9, what is 73 + 2?
75
In base 16, what is 4 + 300?
304
In base 11, what is -263 - -5?
-259
In base 11, what is -15a - 1?
-160
In base 13, what is -4 + -366?
-36a
In base 3, what is -220 - -121102?
120112
In base 11, what is 5 + -196?
-191
In base 11, what is 25a2 + -6?
2597
In base 3, what is -100021 + 0?
-100021
In base 9, what is 3120 + -3?
3116
In base 16, what is 17f - 56?
129
In base 10, what is -809 + -14?
-823
In base 2, what is -1 - -1010111?
1010110
In base 6, what is -3 - 104?
-111
In base 13, what is -8 + -1?
-9
In base 6, what is 0 - -141?
141
In base 5, what is 1410221 - -2?
1410223
In base 7, what is 40 - 444?
-404
In base 7, what is 2 - -15?
20
In base 12, what is -138b + 1?
-138a
In base 11, what is 566 + -16?
550
In base 9, what is -65 - 28?
-104
In base 13, what is -1151 - 1?
-1152
In base 9, what is -2 - 60?
-62
In base 10, what is -6 - 44?
-50
In base 12, what is 333 + 3?
336
In base 2, what is 1010010101 + -101?
1010010000
In base 7, what is -41 + -336?
-410
In base 3, what is -1 - 1101?
-1102
In base 8, what is -2 + -1412?
-1414
In base 12, what is 9b - 73?
28
In base 8, what is 201 + -4?
175
In base 6, what is -13 + 23?
10
In base 7, what is -22521 - -1?
-22520
In base 7, what is 45 + 50?
125
In base 11, what is 1aa - -7?
206
In base 7, what is -114431 - 1?
-114432
In base 10, what is -3 - -215?
212
In base 12, what is 107 - 0?
107
In base 13, what is -5 + 12?
a
In base 15, what is 5 - -25c?
262
In base 6, what is -23 - 12?
-35
In base 3, what is -10 + -200?
-210
In base 15, what is 12 - -33?
45
In base 10, what is 188 + -1?
187
In base 2, what is -110 + 11000110?
11000000
In base 14, what is 1a - 25?
-9
In base 10, what is 3 + 2145?
2148
In base 13, what is 86 + 1?
87
In base 3, what is 102222 - -11?
110010
In base 9, what is 63 + 5?
68
In base 12, what is -18 - -2?
-16
In base 3, what is 1 - 10212?
-10211
In base 14, what is -1 + 84?
83
In base 5, what is 200 + 4?
204
In base 15, what is -1b + 32?
16
In base 13, what is -9 + -34?
-40
In base 13, what is 60 + 2?
62
In base 5, what is -3 + 303?
300
In base 7, what is 0 + 105?
105
In base 4, what is 2223 - -3?
2232
In base 4, what is 0 - -32032?
32032
In base 8, what is 255 + -62?
173
In base 13, what is a139 + -1?
a138
In base 12, what is -2 - -19?
17
In base 11, what is -3 + -4110?
-4113
In base 6, what is 1204 - 5?
1155
In base 12, what is 2a5 + 11?
2b6
In base 5, what is -13213 - 0?
-13213
In base 10, what is -8 + 6?
-2
In base 2, what is -1011 + -111010010?
-111011101
In base 5, what is 2 - -141?
143
In base 10, what is 9 + -216?
-207
In base 7, what is 355 - 16?
336
In base 6, what is 10 + -124?
-114
In base 7, what is -4 - -41?
34
In base 15, what is -323 + 7?
-31b
In base 5, what is -3230 - 10?
-3240
In base 3, what is -121200 - -11?
-121112
In base 15, what is -1 - bd?
-be
In base 7, what is 315 + 5?
323
In base 16, what is -2 + -3e?
-40
In base 9, what is 26 - -2?
28
In base 7, what is 36052 - -2?
36054
In base 15, what is 503 - 4?
4ee
In base 14, what is 7 - 83?
-7a
In base 15, what is c4 - -5?
c9
In base 3, what is 2 + -20221210?
-20221201
In base 3, what is -120020201 - 10?
-120020211
In base 14, what is 20 + 44?
64
In base 9, what is -213 - -11?
-202
In base 6, what is 143 - -1?
144
In base 10, what is -4 - -43?
39
In base 9, what is 5 + 80?
85
In base 5, what is 3 + 202?
210
In base 7, what is -410 - -5?
-402
In base 9, what is -8036 + -2?
-8038
In base 16, what is 18e - -4?
192
In base 14, what is 0 + -118?
-118
In base 15, what is -2 + 15c8?
15c6
In base 8, what is -30 - 276?
-326
In base 9, what is 174 - 3?
171
In base 15, what is -30 + -5?
-35
In base 13, what is -216 + 56?
-190
In base 16, what is 9c - -38?
d4
In base 6, what is -14005 - -1?
-14004
In base 12, what is 4 - -a1?
a5
In base 7, what is 2 - 1341?
-1336
In base 13, what is 2 - 47?
-45
In base 6, what is -431 - -5?
-422
In base 4, what is 2 - 302212?
-302210
In base 16, what is -21 - -10?
-11
In base 10, what is 6 - -2?
8
In base 6, what is 0 + -3244?
-3244
In base 2, what is -1000100000 - 0?
-1000100000
In base 8, what is 4 + -5722?
-5716
In base 9, what is 28 + 4?
33
In base 5, what is 10440 + -10?
10430
In base 12, what is -6 - 38?
-42
In base 6, what is -3 - -544?
541
In base 16, what is d - -4?
11
In base 7, what is -132 - -4?
-125
In base 5, what is -4 + 13310?
13301
In base 4, what is 11 - 1022?
-1011
In base 3, what is -100212 - 0?
-100212
In base 16, what is -8b + 4?
-87
In base 11, what is 1419 - 1?
1418
In base 4, what is 33 - 0?
33
In base 3, what is 102 - 221?
-112
In base 14, what is 2b9 - c?
2ab
In base 3, what is -2210 + -1?
-2211
In base 5, what is -302 + -32?
-334
In base 4, what is -10 + -223001?
-223011
In base 13, what is -24 + -1?
-25
In base 8, what is 10 - -156?
166
In base 9, what is 51 - -37?
88
In base 11, what is 224 + a?
233
In base 12, what is -474 - -2?
-472
In base 3, what is 12 + -11?
1
In base 14, what is 4 + -572?
-56c
In base 4, what is -3 - -2231?
2222
In base 12, what is -4 - -10a7?
10a3
In base 9, what is 414 + 12?
426
In base 12, what is -208b - -1?
-208a
In base 7, what is 5 - 113?
-105
In base 12, what is 4 + -48?
-44
In base 9, what is -30 + -1?
-31
In base 7, what is 156 - -3?
162
In base 7, what is 2 - 4446?
-4444
In base 8, what is -1 - 1024?
-1025
In base 11, what is 113 - 0?
113
In base 12, what is -1b - 8?
-27
In base 4, what is -1 - -220?
213
In base 2, what is 100 + 1111000?
1111100
In base 10, what is 152 - 3?
149
In base 3, what is 2 + 1122121?
1122200
In base 13, what is b31 + -3?
b2b
In base 7, what is 13 - 2244?
-2231
In base 16, what is -5 + 437?
432
In base 12, what is 6014 + 3?
6017
In base 10, what is 56 - 4?
52
In base 7, what is 0 - 52?
-52
In base 11, what is 0 + -96?
-96
In base 16, what is -4 - 3c2?
-3c6
In base 10, what is -118 - 3?
-121
In base 13, what is 4 + 1b5?
1b9
In base 16, what is -1 + 7b?
7a
In base 3, what is 110011021 - 11?
110011010
In base 2, what is 110 - -1100111?
1101101
In base 10, what is -220 + -22?
-242
In base 3, what is 121 + -10002?
-2111
In base 13, what is 3 - 69?
-66
In base 12, what is -316 + 2?